Suppose -o + 0*q = 4*q - 474, -2*o = 3*q - 933. Suppose 84*p = 98*p - o. Let n be (-2)/5 + 334/10. Calculate the greatest common factor of n and p.
33
Let k(m) = 210*m**3 - m**2 + 5*m - 5. Suppose 12*x - 17*x + 23 = -2*o, -4*o + 4*x = 16. Let s be k(o). What is the highest common divisor of 19 and s?
19
Let b be 0/(3 - 5) + 0 + -454. Let h be b/(-8) - (-50)/40. Calculate the highest common factor of h and 986.
58
Let n(z) = -2*z + 6. Let y be n(7). Let o be (-268)/(-7) + y/28. Let i(m) = 27*m - 112. Let q be i(14). What is the highest common factor of q and o?
38
Let d(p) = p**2 - p - 7. Let h be d(-6). Suppose 15*z + 36*z = 7803. Let a be (28/2)/(z/27 + -5). What is the greatest common factor of h and a?
7
Suppose 15*i + 64 = 7*i. Let w be (i/6)/(4/6). Let p be w/(-16)*-2 - (-72)/32. Calculate the greatest common factor of p and 4.
2
Suppose t - 81 = 5*w, 5*t - 5134*w = -5130*w + 384. Suppose 0 = 2*o + 5*z - 1120, 0*o + 2*z = -3*o + 1702. What is the highest common divisor of t and o?
38
Let b = -35 - -140. Let r = b - 89. Calculate the greatest common divisor of 208 and r.
16
Suppose 245*d - 400886 - 540894 = 0. Calculate the highest common divisor of 868 and d.
124
Let c(l) = 279*l - 37 - 233*l - 19. Let w be c(8). What is the highest common divisor of w and 117?
39
Let b be ((15/2)/1)/((-12)/(-264)). Let h = b - 117. What is the highest common factor of h and 128?
16
Suppose 0 = 21*l + 1506 - 246. Let j(f) = 77*f**2 - 4*f - 3. Let h be j(-1). Let a = h + l. What is the greatest common factor of a and 63?
9
Let d(r) = 2*r - 1. Let x be d(6). Let h = x - 9. Suppose 129*a = 139*a - 80. What is the greatest common factor of h and a?
2
Let r = -4156 - -4396. What is the greatest common divisor of 75 and r?
15
Suppose 58*r + 45 = 13*r. Let v be r/6 - 2676/(-216)*3. What is the greatest common factor of 111 and v?
37
Suppose -3*h = h + 32. Let a(v) = 9*v**2 + 3*v + 2*v**3 + 3*v**3 - 4*v**3 + 6*v - 17 - 4*v. Let w be a(h). What is the highest common divisor of w and 1?
1
Let x(j) = 275*j + 3609. Let d be x(-12). What is the greatest common divisor of d and 4841?
103
Let y = 18808 + -13249. Calculate the greatest common divisor of y and 51.
51
Let t = -93 - -98. Let v(r) = 8*r**2 - 40*r - 8. Let c be v(6). Calculate the highest common divisor of t and c.
5
Let v = 16733 + -16057. Calculate the greatest common factor of 20 and v.
4
Let l be (-45)/10*(3 + 1). Let v = -8 - l. Suppose 541 = 5*r + 3*j, -48*r + 3*j = -49*r + 101. Calculate the highest common factor of r and v.
10
Let h be 14/(-770)*-174713 - 2/(-5). Calculate the highest common factor of 27 and h.
9
Suppose f + 5*o - 12 = 0, 5*o - 2 + 32 = 5*f. Suppose -f*j - 2 = -6*j, -i = 3*j + 8. Let v be i/4*(-1 - 131). Calculate the greatest common divisor of 6 and v.
6
Let h = -130 - -156. Let v be 10/65 - (-828)/h. What is the highest common divisor of 56 and v?
8
Let h = 10625 - 10592. What is the greatest common divisor of h and 4675?
11
Suppose -59*f + 56*f + 138 = 8*h, 6 = -3*f. Calculate the highest common divisor of h and 186.
6
Suppose -6*p + 357 + 249 = 0. Let n = 117 - p. What is the greatest common factor of n and 48?
16
Let n be (-50)/125 + (-3210)/(-25). What is the highest common factor of 368 and n?
16
Let i(z) = -z**2 - 29*z - 26. Let a be i(-28). Suppose 13*y - a*y = 374. Calculate the greatest common divisor of 102 and y.
34
Suppose -r - 36 = -19*r. Suppose 0 = v + 3*x - 3, -2*x - 6 = -2*v + r*x. Let d = 20 + -17. Calculate the highest common factor of v and d.
3
Let m = -308 - -388. Suppose 5*p - 115 = 5*y, -2*y - m = -4*p - 4*y. What is the highest common factor of 12 and p?
3
Suppose z = 5*j - 5, -3*j + 5*z - 19 = -0*j. Suppose 5*y - j*y = -2*i + 8, 0 = 4*y + 3*i - 10. Calculate the highest common divisor of 10 and y.
2
Suppose 2420 = a + 3*a. Let q be 30/(-4)*(-16962)/2313. Calculate the highest common factor of q and a.
55
Let b be (-58)/18 - (6 - 168/27). Let k(r) = -r + 14. Let j be k(b). Calculate the highest common factor of j and 187.
17
Let l(b) = -6*b + 62. Let t be l(7). Let d be 4/(t/(-5)) - -5. Calculate the greatest common factor of d and 28.
4
Suppose 2*y = 3*y + 2*d - 32, -4 = d. Let r be (130/130)/(3 + (-23)/8). What is the greatest common divisor of y and r?
8
Let g = -104 - -40. Let k = -647 + 609. Let f = k - g. What is the highest common factor of f and 2?
2
Let z(m) = -m - 4. Let l be z(2). Let s be (l/21)/(1/(-7)). Suppose -7*g + s*g + 165 = 5*h, -150 = -4*h + 2*g. Calculate the greatest common divisor of h and 9.
9
Let c be (-4)/10 - 4414/(-10). Let a = -18714 + 18763. Calculate the highest common divisor of a and c.
49
Let y be (-1 - (-25 + 0))*5. Let p be (-2 - -72)*1500/875*28/12. Calculate the greatest common divisor of y and p.
40
Suppose -517*u - 135 = -520*u. What is the greatest common divisor of u and 8055?
45
Let l(g) = 3203*g**2 + 29*g + 21. Let j be l(-1). What is the highest common divisor of j and 765?
45
Suppose 3*o + 3*h + 6114 = 6*o, -2 = 2*h. Suppose 5*a - 40 = -4*g + g, 4*g = a + 38. Suppose g*y = -197 + o. What is the highest common factor of y and 23?
23
Suppose -2*i + 7*l - 4*l = -58, 5*i - 107 = -2*l. Suppose -12 = -10*f - 2. Let t be (-69)/((-1)/1*f). What is the greatest common divisor of i and t?
23
Let r be 5 + (-6)/(-1) + (-6 - -4). Suppose w = r*w - 56. What is the greatest common factor of 7 and w?
7
Let j = 15510 + -9980. What is the highest common divisor of 632 and j?
158
Suppose 5*b - 705 = -3*u, -5*u - 2*b + 1206 = -4*b. Suppose 12*c - u = 6*c. Calculate the greatest common factor of 30 and c.
10
Suppose -71*y + 28863 = -180658. Calculate the greatest common factor of 26 and y.
13
Let a(j) = 8*j**2 - 30*j + 8. Let s be a(4). Suppose 8*r - 4*r + 3*f = 91, 3*f - s = -r. Calculate the greatest common factor of r and 25.
25
Let k(p) = p**2 + 36*p - 119. Let n be k(-39). Let b be 8/4*n + (60 - 4). Calculate the highest common factor of 26 and b.
26
Let t(f) = f**3 + 26*f**2 - 6*f - 62. Let d be t(-25). Let h be (-21)/(4095/30) - 301/(-13). What is the greatest common factor of h and d?
23
Let p(o) be the second derivative of 7*o**3/3 + 51*o**2 + 2*o. Let v be p(-7). Suppose 3*f - 39 = -3. What is the highest common factor of v and f?
4
Let s be 2356 + 8/(-1)*(-13)/(-2 - -28). Calculate the highest common factor of s and 354.
118
Suppose 4*r + m + 4*m = 201, -4*m = 4*r - 196. Let l be (-119)/(-35) - (-72)/120. Calculate the greatest common divisor of r and l.
4
Let d(x) = x**2 + 16*x - 42. Let w be d(-16). Let c be (w/(-3))/((-12)/(-12)). Calculate the greatest common divisor of 63 and c.
7
Suppose 997 - 322 = 75*i. Suppose 81 + 99 = 4*f. What is the greatest common divisor of i and f?
9
Let i(d) = 10*d - 16*d**2 + 29 - 3*d**3 - 23*d + 4*d**3 - 21*d. Let m be i(18). What is the highest common divisor of 13 and m?
13
Let m(q) = 10*q**2 - 726*q - 75. Let l be m(-20). What is the highest common factor of l and 85?
85
Suppose 35*r - 14*r - 1040 = 8*r. Suppose -3*a + 8*a = 250. What is the greatest common divisor of a and r?
10
Suppose -44*r = 8502 - 77230. What is the greatest common divisor of 44 and r?
22
Suppose -310*j - 5700 = -202*j - 146*j. Calculate the greatest common factor of 7275 and j.
75
Let k be (-1078 + 349)/(3/(-28)). Calculate the greatest common divisor of k and 819.
63
Suppose 3*x - 106 = 5*p, -3*x + 11 = 3*p - 55. Suppose -2338 = -14*a - 1960. Calculate the highest common factor of a and x.
27
Let v(o) = 3*o**3 + 4*o**2 + 15*o + 25. Let c be v(-2). Let l(w) = w**2 - 8*w - 233. Let h be l(c). What is the highest common factor of h and 580?
20
Let k = -3534 + 3558. What is the highest common divisor of k and 1188?
12
Let y be 1/(-3) - 55/(-3). Let n = 293 + -296. Let c be (n - -2)*-191 + 7. What is the highest common factor of y and c?
18
Let c be (30/(-8)*1)/(2/72). Let k = 161 + c. Calculate the greatest common divisor of k and 442.
26
Suppose -3*x = -85*z + 86*z - 78, -x + z = -30. Calculate the greatest common factor of x and 13743.
27
Let o = 1049 - 644. Calculate the highest common factor of 20 and o.
5
Let q = -63 - -115. Suppose -5*b + 210*y + 272 = 208*y, -5*b + 4*y = -284. Calculate the greatest common factor of q and b.
52
Suppose 0 = 9*h - 12*h + 24. Suppose -16*m = -18*m - 2. Let s(x) = 11*x**2 